{"id":159,"date":"2022-10-25T05:16:19","date_gmt":"2022-10-25T05:16:19","guid":{"rendered":"https:\/\/espac.cadiz.es\/?page_id=159"},"modified":"2022-10-25T05:16:19","modified_gmt":"2022-10-25T05:16:19","slug":"iespa","status":"publish","type":"page","link":"https:\/\/espac.cadiz.es\/?page_id=159","title":{"rendered":"IESPA"},"content":{"rendered":"\n<h1>Convocatoria de acciones formativas<\/h1>\n\n\n\n<figure class=\"wp-block-image size-full\"><img decoding=\"async\" loading=\"lazy\" width=\"749\" height=\"220\" src=\"https:\/\/espac.cadiz.es\/wp-content\/uploads\/2022\/10\/Captura-de-pantalla-2022-10-25-a-las-7.14.02.png\" alt=\"\" class=\"wp-image-160\" srcset=\"https:\/\/espac.cadiz.es\/wp-content\/uploads\/2022\/10\/Captura-de-pantalla-2022-10-25-a-las-7.14.02.png 749w, https:\/\/espac.cadiz.es\/wp-content\/uploads\/2022\/10\/Captura-de-pantalla-2022-10-25-a-las-7.14.02-300x88.png 300w\" sizes=\"(max-width: 749px) 100vw, 749px\" \/><\/figure>\n\n\n\n<h2>Inscripciones en acciones formativas<\/h2>\n\n\n\n<p>Las inscripciones a los cursos del IESPA deben realizarse a trav\u00e9s del\u00a0<a href=\"https:\/\/ws040.juntadeandalucia.es\/atenea-portal-alumno\/publico\">Portal del Alumno<\/a>, que le dar\u00e1 paso a nuestro sistema de gesti\u00f3n de acciones formativas\u00a0<strong>Atene@<\/strong>. Para utilizar\u00a0<strong>Atene@<\/strong>\u00a0es imprescindible disponer de certificado digital vigente e instalado en el equipo que est\u00e9 usando. En este mismo portal se tendr\u00e1 acceso a los cursos en fase de admisi\u00f3n, a la gesti\u00f3n de los datos personales y a los certificados y diplomas.<\/p>\n\n\n\n<div class=\"is-layout-flex wp-block-buttons\">\n<div class=\"wp-block-button is-style-outline\"><a class=\"wp-block-button__link\" href=\"https:\/\/www.juntadeandalucia.es\/organismos\/presidenciainteriordialogosocialysimplificacionadministrativa\/areas\/interior\/seguridad\/espa\/paginas\/convocatoria-acciones-formativas-espa.html\" target=\"_blank\" rel=\"noreferrer noopener\">ACCEDER<\/a><\/div>\n<\/div>\n","protected":false},"excerpt":{"rendered":"<p>Convocatoria de acciones formativas Inscripciones en acciones formativas Las inscripciones a los cursos del IESPA deben realizarse a trav\u00e9s del\u00a0Portal &hellip; <\/p>\n","protected":false},"author":1,"featured_media":0,"parent":0,"menu_order":0,"comment_status":"closed","ping_status":"closed","template":"","meta":[],"_links":{"self":[{"href":"https:\/\/espac.cadiz.es\/index.php?rest_route=\/wp\/v2\/pages\/159"}],"collection":[{"href":"https:\/\/espac.cadiz.es\/index.php?rest_route=\/wp\/v2\/pages"}],"about":[{"href":"https:\/\/espac.cadiz.es\/index.php?rest_route=\/wp\/v2\/types\/page"}],"author":[{"embeddable":true,"href":"https:\/\/espac.cadiz.es\/index.php?rest_route=\/wp\/v2\/users\/1"}],"replies":[{"embeddable":true,"href":"https:\/\/espac.cadiz.es\/index.php?rest_route=%2Fwp%2Fv2%2Fcomments&post=159"}],"version-history":[{"count":1,"href":"https:\/\/espac.cadiz.es\/index.php?rest_route=\/wp\/v2\/pages\/159\/revisions"}],"predecessor-version":[{"id":162,"href":"https:\/\/espac.cadiz.es\/index.php?rest_route=\/wp\/v2\/pages\/159\/revisions\/162"}],"wp:attachment":[{"href":"https:\/\/espac.cadiz.es\/index.php?rest_route=%2Fwp%2Fv2%2Fmedia&parent=159"}],"curies":[{"name":"wp","href":"https:\/\/api.w.org\/{rel}","templated":true}]}}

<h1>Convocatoria de acciones formativas</h1>



<figure class="wp-block-image size-full"><img decoding="async" loading="lazy" width="749" height="220" src="https://espac.cadiz.es/wp-content/uploads/2022/10/Captura-de-pantalla-2022-10-25-a-las-7.14.02.png" alt="" class="wp-image-160" srcset="https://espac.cadiz.es/wp-content/uploads/2022/10/Captura-de-pantalla-2022-10-25-a-las-7.14.02.png 749w, https://espac.cadiz.es/wp-content/uploads/2022/10/Captura-de-pantalla-2022-10-25-a-las-7.14.02-300x88.png 300w" sizes="(max-width: 749px) 100vw, 749px" /></figure>



<h2>Inscripciones en acciones formativas</h2>



<p>Las inscripciones a los cursos del IESPA deben realizarse a través del <a href="https://ws040.juntadeandalucia.es/atenea-portal-alumno/publico">Portal del Alumno</a>, que le dará paso a nuestro sistema de gestión de acciones formativas <strong>Atene@</strong>. Para utilizar <strong>Atene@</strong> es imprescindible disponer de certificado digital vigente e instalado en el equipo que esté usando. En este mismo portal se tendrá acceso a los cursos en fase de admisión, a la gestión de los datos personales y a los certificados y diplomas.</p>



<div class="is-layout-flex wp-block-buttons">
<div class="wp-block-button is-style-outline"><a class="wp-block-button__link" href="https://www.juntadeandalucia.es/organismos/presidenciainteriordialogosocialysimplificacionadministrativa/areas/interior/seguridad/espa/paginas/convocatoria-acciones-formativas-espa.html" target="_blank" rel="noreferrer noopener">ACCEDER</a></div>
</div>

<p>Convocatoria de acciones formativas Inscripciones en acciones formativas Las inscripciones a los cursos del IESPA deben realizarse a través del Portal &hellip; </p>
