{"id":129,"date":"2022-10-23T16:58:07","date_gmt":"2022-10-23T16:58:07","guid":{"rendered":"https:\/\/espac.cadiz.es\/?page_id=129"},"modified":"2022-10-25T10:29:14","modified_gmt":"2022-10-25T10:29:14","slug":"area-de-investigacion","status":"publish","type":"page","link":"https:\/\/espac.cadiz.es\/?page_id=129","title":{"rendered":"AREA DE INVESTIGACION"},"content":{"rendered":"\n<div class=\"is-layout-flex wp-container-4 wp-block-columns\">\n<div class=\"is-layout-flow wp-block-column\" style=\"flex-basis:100%\">\n<figure class=\"is-layout-flex wp-block-gallery-1 wp-block-gallery aligncenter has-nested-images columns-default is-cropped\">\n<figure class=\"wp-block-image size-large\"><img decoding=\"async\" loading=\"lazy\" width=\"1024\" height=\"667\" src=\"https:\/\/espac.cadiz.es\/wp-content\/uploads\/2022\/10\/accident-1497295_1920-1024x667.jpg\" alt=\"\" class=\"wp-image-130\" srcset=\"https:\/\/espac.cadiz.es\/wp-content\/uploads\/2022\/10\/accident-1497295_1920-1024x667.jpg 1024w, https:\/\/espac.cadiz.es\/wp-content\/uploads\/2022\/10\/accident-1497295_1920-300x195.jpg 300w, https:\/\/espac.cadiz.es\/wp-content\/uploads\/2022\/10\/accident-1497295_1920-768x500.jpg 768w, https:\/\/espac.cadiz.es\/wp-content\/uploads\/2022\/10\/accident-1497295_1920-1536x1000.jpg 1536w, https:\/\/espac.cadiz.es\/wp-content\/uploads\/2022\/10\/accident-1497295_1920.jpg 1920w\" sizes=\"(max-width: 1024px) 100vw, 1024px\" \/><figcaption>INVESTIGACION DE ACCIDENTES DE TRAFICO<\/figcaption><\/figure>\n\n\n\n<figure class=\"wp-block-image size-large\"><a class=\"MAS INFO\" href=\"https:\/\/espac.cadiz.es\/?page_id=190\" target=\"_blank\" rel=\"MAS INFO noopener\"><img decoding=\"async\" loading=\"lazy\" width=\"1024\" height=\"621\" src=\"https:\/\/espac.cadiz.es\/wp-content\/uploads\/2022\/10\/IMGEN-1--1024x621.jpeg\" alt=\"\" class=\"wp-image-131\" srcset=\"https:\/\/espac.cadiz.es\/wp-content\/uploads\/2022\/10\/IMGEN-1--1024x621.jpeg 1024w, https:\/\/espac.cadiz.es\/wp-content\/uploads\/2022\/10\/IMGEN-1--300x182.jpeg 300w, https:\/\/espac.cadiz.es\/wp-content\/uploads\/2022\/10\/IMGEN-1--768x466.jpeg 768w, https:\/\/espac.cadiz.es\/wp-content\/uploads\/2022\/10\/IMGEN-1-.jpeg 1068w\" sizes=\"(max-width: 1024px) 100vw, 1024px\" \/><\/a><figcaption>INVESTIGACION SOBRE PREVENCION DE RIESGOS <\/figcaption><\/figure>\n<\/figure>\n<\/div>\n<\/div>\n\n\n\n<p>Dentro competencias espec\u00edficas del Consejo Rector, est\u00e1 el aprobar todos aquellos asuntos que se relacionan con programas de selecci\u00f3n, formaci\u00f3n e&nbsp;<strong>investigaci\u00f3n a desarrollar por la Escuela<a href=\"applewebdata:\/\/14FB317B-7EF9-4D52-BEAA-F68F6D431EF3#_edn1\"><sup><strong>[i]<\/strong><\/sup><\/a><\/strong>.<\/p>\n\n\n\n<p>Se est\u00e1n llevando a cabo proyectos de investigaciones cient\u00edficas sobre las funciones policiales, llegando a acuerdos con Universidades y Centros de Investigaci\u00f3n, a fin de mejorar la calidad policial en todas sus \u00e1reas de formaci\u00f3n y desempe\u00f1o policial.&nbsp;<\/p>\n\n\n\n<p>La Polic\u00eda Local de C\u00e1diz ya es un referente internacional en el \u00e1mbito de la investigaci\u00f3n cient\u00edfica, y desde la ESPAC, se podr\u00e1 ampliar y conectar a nivel nacional e internacional.&nbsp;<\/p>\n\n\n\n<hr class=\"wp-block-separator has-alpha-channel-opacity\"\/>\n\n\n\n<p><a href=\"applewebdata:\/\/14FB317B-7EF9-4D52-BEAA-F68F6D431EF3#_ednref1\"><sup>[i]<\/sup><\/a>&nbsp;Estatutos de la Escuela de Seguridad P\u00fablica del Ayuntamiento de C\u00e1diz. BOP de C\u00e1diz NUM 136 de 19 de julio de 2006.<\/p>\n","protected":false},"excerpt":{"rendered":"<p>Dentro competencias espec\u00edficas del Consejo Rector, est\u00e1 el aprobar todos aquellos asuntos que se relacionan con programas de selecci\u00f3n, formaci\u00f3n &hellip; <\/p>\n","protected":false},"author":1,"featured_media":0,"parent":0,"menu_order":0,"comment_status":"closed","ping_status":"closed","template":"","meta":[],"_links":{"self":[{"href":"https:\/\/espac.cadiz.es\/index.php?rest_route=\/wp\/v2\/pages\/129"}],"collection":[{"href":"https:\/\/espac.cadiz.es\/index.php?rest_route=\/wp\/v2\/pages"}],"about":[{"href":"https:\/\/espac.cadiz.es\/index.php?rest_route=\/wp\/v2\/types\/page"}],"author":[{"embeddable":true,"href":"https:\/\/espac.cadiz.es\/index.php?rest_route=\/wp\/v2\/users\/1"}],"replies":[{"embeddable":true,"href":"https:\/\/espac.cadiz.es\/index.php?rest_route=%2Fwp%2Fv2%2Fcomments&post=129"}],"version-history":[{"count":6,"href":"https:\/\/espac.cadiz.es\/index.php?rest_route=\/wp\/v2\/pages\/129\/revisions"}],"predecessor-version":[{"id":202,"href":"https:\/\/espac.cadiz.es\/index.php?rest_route=\/wp\/v2\/pages\/129\/revisions\/202"}],"wp:attachment":[{"href":"https:\/\/espac.cadiz.es\/index.php?rest_route=%2Fwp%2Fv2%2Fmedia&parent=129"}],"curies":[{"name":"wp","href":"https:\/\/api.w.org\/{rel}","templated":true}]}}

<div class="is-layout-flex wp-container-4 wp-block-columns">
<div class="is-layout-flow wp-block-column" style="flex-basis:100%">
<figure class="is-layout-flex wp-block-gallery-1 wp-block-gallery aligncenter has-nested-images columns-default is-cropped">
<figure class="wp-block-image size-large"><img decoding="async" loading="lazy" width="1024" height="667" src="https://espac.cadiz.es/wp-content/uploads/2022/10/accident-1497295_1920-1024x667.jpg" alt="" class="wp-image-130" srcset="https://espac.cadiz.es/wp-content/uploads/2022/10/accident-1497295_1920-1024x667.jpg 1024w, https://espac.cadiz.es/wp-content/uploads/2022/10/accident-1497295_1920-300x195.jpg 300w, https://espac.cadiz.es/wp-content/uploads/2022/10/accident-1497295_1920-768x500.jpg 768w, https://espac.cadiz.es/wp-content/uploads/2022/10/accident-1497295_1920-1536x1000.jpg 1536w, https://espac.cadiz.es/wp-content/uploads/2022/10/accident-1497295_1920.jpg 1920w" sizes="(max-width: 1024px) 100vw, 1024px" /><figcaption>INVESTIGACION DE ACCIDENTES DE TRAFICO</figcaption></figure>



<figure class="wp-block-image size-large"><a class="MAS INFO" href="https://espac.cadiz.es/?page_id=190" target="_blank" rel="MAS INFO noopener"><img decoding="async" loading="lazy" width="1024" height="621" src="https://espac.cadiz.es/wp-content/uploads/2022/10/IMGEN-1--1024x621.jpeg" alt="" class="wp-image-131" srcset="https://espac.cadiz.es/wp-content/uploads/2022/10/IMGEN-1--1024x621.jpeg 1024w, https://espac.cadiz.es/wp-content/uploads/2022/10/IMGEN-1--300x182.jpeg 300w, https://espac.cadiz.es/wp-content/uploads/2022/10/IMGEN-1--768x466.jpeg 768w, https://espac.cadiz.es/wp-content/uploads/2022/10/IMGEN-1-.jpeg 1068w" sizes="(max-width: 1024px) 100vw, 1024px" /></a><figcaption>INVESTIGACION SOBRE PREVENCION DE RIESGOS </figcaption></figure>
</figure>
</div>
</div>



<p>Dentro competencias específicas del Consejo Rector, está el aprobar todos aquellos asuntos que se relacionan con programas de selección, formación e&nbsp;<strong>investigación a desarrollar por la Escuela<a href="applewebdata://14FB317B-7EF9-4D52-BEAA-F68F6D431EF3#_edn1"><sup><strong>[i]</strong></sup></a></strong>.</p>



<p>Se están llevando a cabo proyectos de investigaciones científicas sobre las funciones policiales, llegando a acuerdos con Universidades y Centros de Investigación, a fin de mejorar la calidad policial en todas sus áreas de formación y desempeño policial.&nbsp;</p>



<p>La Policía Local de Cádiz ya es un referente internacional en el ámbito de la investigación científica, y desde la ESPAC, se podrá ampliar y conectar a nivel nacional e internacional.&nbsp;</p>



<hr class="wp-block-separator has-alpha-channel-opacity"/>



<p><a href="applewebdata://14FB317B-7EF9-4D52-BEAA-F68F6D431EF3#_ednref1"><sup>[i]</sup></a>&nbsp;Estatutos de la Escuela de Seguridad Pública del Ayuntamiento de Cádiz. BOP de Cádiz NUM 136 de 19 de julio de 2006.</p>

<p>Dentro competencias específicas del Consejo Rector, está el aprobar todos aquellos asuntos que se relacionan con programas de selección, formación &hellip; </p>
